 Suppose g*w = 2*a + 32, 2*w + 10 + 12 = -5*a. What is the remainder when u(a) is divided by 7?
6
Suppose -104*a = -111*a + 91. What is the remainder when 24 is divided by a?
11
Suppose 0 = -m - 6 + 26. Let n be 198/(-30) - -7 - 303/(-5). Let t = n + -4. Calculate the remainder when t is divided by m.
17
Let l(q) be the first derivative of 86*q**2 + q - 7. Let w be l(1). Suppose 2*h - 75 = -5*p, 5*h - 2*p + 29 = w. Calculate the remainder when h is divided by 8.
6
Let p = -300 - -814. Calculate the remainder when p is divided by 12.
10
Let v(u) = 2*u**2 + 34*u + 175. What is the remainder when v(15) is divided by 15?
10
Suppose -4*r - 2*f + 218 = -0*r, 4*f - 72 = -r. Calculate the remainder when r is divided by 6.
4
Let k(x) = -4*x + 3 - 7 + x**2 + x**2. Suppose 0 = -14*p - 42 - 0. What is the remainder when k(p) is divided by 9?
8
Let x be 2 + ((-3)/(-4))/((-2)/16). Calculate the remainder when x/1 + (7 - -18) is divided by 5.
1
Let r = -83 - -113. What is the remainder when 53 is divided by r?
23
Let o = 0 - -2. Suppose -k - 3*x = -21, 5*k + o*x - x = 105. Let i(p) = 9*p + 157. Calculate the remainder when i(-13) is divided by k.
19
Suppose 3*f + 15 = 0, -s - s - f = -15. Let z be -1 + 5/(s/(-6)). What is the remainder when 46 is divided by z/10 - (-82)/5?
14
Let c be ((-1)/(-2))/((-2)/(-20)). Suppose 0 = -c*f + 4*f + 22. What is the remainder when f is divided by (-3)/1*(-40)/15?
6
Let u(b) = 2*b + 5. Let g be u(-4). Let l(s) = 2*s**3 + 4*s. Let j be l(g). Calculate the remainder when (-5)/(75/j)*10 is divided by 23.
21
Let j(k) = -2*k**2 - 47*k + 97. What is the remainder when j(-25) is divided by 6?
4
Calculate the remainder when 57 is divided by 64/(-6)*16/80*-15.
25
Suppose -2*p + 10 = -0*a - 4*a, 3*a + 2 = -4*p. Calculate the remainder when (1*(-4 + 15))/(a/(-6)) is divided by 12.
9
Let v(g) = -5*g + 3 + 0*g**2 + 6*g**2 + 3 - 4*g**2. What is the remainder when 34 is divided by v(4)?
16
Suppose 5*u = -5*h - 5, 3*h = 2*h - 4*u - 10. Calculate the remainder when 142/2 - (-6)/h is divided by 11.
8
Let a = -665 + 693. Suppose -m - 4*m + 275 = 0. What is the remainder when m is divided by a?
27
Suppose t = p + 4*p - 1006, 198 = p + 3*t. Let s = 374 + -371. Suppose 4*k = 2*k + 2*z + 82, -5*k = -s*z - p. Calculate the remainder when 116 is divided by k.
38
Let h be (-950)/15 + 3/9. Let n = -36 - h. Calculate the remainder when 105 is divided by n.
24
Let z = -59 + 57. What is the remainder when 38 is divided by 13/((z - -7) + -4)?
12
What is the remainder when (1212/20 + 3)/((-4)/(-10)) is divided by 16?
15
Suppose 5*l = 3*d - 7*d + 179, 2*l - 129 = -3*d. Calculate the remainder when 201 is divided by d.
37
Suppose 47*k - 87285 = -8*k. What is the remainder when k is divided by 15?
12
Suppose -4*l = n - 14, l + 4*l = -3*n + 21. What is the remainder when 14/5 - (-4)/20 is divided by l?
0
Let s(a) = a**2 - 3*a + 4. Let j(r) = -3*r**2 + 6 - r**3 + 6 + 5 - 2*r - 19. Let k be j(-3). What is the remainder when 31 is divided by s(k)?
7
Calculate the remainder when 108/(-15)*(-5)/2 is divided by 12 - (0 - (-3 - -1)).
8
Suppose 8 = -4*u, -2*t + 3*u + 30 = -10. Suppose -18 = -4*y - 2*v, 2*y - y - v = 0. Suppose y*o = -3*o + 54. What is the remainder when t is divided by o?
8
Suppose -s - 155 = -193. What is the remainder when s is divided by 8?
6
Let x = -7 - -4. What is the remainder when 22 is divided by x/(-5)*(0 - -5)?
1
Suppose -2*b = -2*k - 3*b, -3*b - 9 = -3*k. Calculate the remainder when 36/(-21)*266/(-114) is divided by k.
0
Let m be 9/1*((-100)/(-15) + -6). Let a = 11 - m. Calculate the remainder when 49 is divided by a.
4
Let y = 250 + -223. What is the remainder when 86 is divided by y?
5
Suppose 2*s + 9 = -2*q + 45, s - 2 = 0. What is the remainder when 87 is divided by q?
7
Let z = 861 + -847. Let i = 46 + -19. Calculate the remainder when i is divided by z.
13
Suppose 20 = 4*r - 2*r. Calculate the remainder when -116*2*(-3)/12 is divided by r.
8
Suppose 76*s = 73*s + 66. Calculate the remainder when 127 is divided by s.
17
Let r = 2542 + -2519. Calculate the remainder when r is divided by 16.
7
Suppose -12*p - 2 = -1334. Calculate the remainder when p is divided by 19.
16
Let w = -445 - -464. Calculate the remainder when 244 is divided by w.
16
Suppose 7*s - 4*j - 97 = 2*s, 2*j + 23 = s. What is the remainder when 167 is divided by s?
14
Suppose -j = 2*o - 28, o - 2*o = -5*j + 85. Let a = 269 - 267. Suppose 51 - j = 3*n - a*x, 3*n + 3*x = 18. What is the remainder when 26 is divided by n?
8
Let r(i) = -i**2 + 5*i - 8. Let z be r(6). Let d = z - -52. Suppose h = -p + 2*h + 17, 2*p - h - d = 0. What is the remainder when 40 is divided by p?
19
Let z(s) = -s**3 + 4*s**2 - 5*s + 7. Let j be z(2). Suppose 3*k - 70 = -j*q - 0*q, -q + 27 = -2*k. What is the remainder when 78 is divided by q?
10
Suppose 1 = 2*k - 3*k, -m + 5 = -3*k. Suppose 0 = -b - m*b. Suppose -3*n = -b*n - 9. What is the remainder when 8 is divided by n?
2
Let a(n) = 2*n**3 + 28*n**2 + 13*n - 31. What is the remainder when a(-13) is divided by 79?
59
Let w(y) = -24*y - 325. What is the remainder when w(-16) is divided by 41?
18
Let h = 81 + 17. Calculate the remainder when h is divided by 33.
32
Suppose 138*n = 153*n - 4440. Calculate the remainder when n is divided by 20.
16
Let g be (-14)/(-4) + 20/40. Suppose 3*x = g*x. Suppose 2*j - 4 = x, 3*j = -4*p - 2*j + 50. Calculate the remainder when 28 is divided by p.
8
Suppose -123*i + 132*i - 45 = 0. Calculate the remainder when 767 is divided by i.
2
Let n(t) = 78*t**3 + 4*t**2 - 5*t + 2. Let c be n(1). Let p = -67 + c. What is the remainder when 22 is divided by p?
10
Suppose -3*g + 3 = -2*g, -4*g = -5*r + 13. Suppose 0 = -2*x - 2*x - 2*c + 408, -3*c = -r*x + 510. What is the remainder when x is divided by 8?
6
Let h = -520 - -1744. Let i be (2 + -5)/(-1) + 1. What is the remainder when 53 is divided by i/22 + h/44?
25
Suppose 6*g - g - 470 = 0. Suppose -q = -g + 19. What is the remainder when q is divided by 19?
18
What is the remainder when (4/(16/218))/(9/18) is divided by 21?
4
Suppose -4*w + 3*a + 37 = -16, w - 17 = -3*a. What is the remainder when 613 is divided by w?
11
What is the remainder when 55 is divided by 2/(-5) - -11*7/5?
10
Let f(u) = -u**2 + 4*u + 1. Let o be f(2). Let g(y) be the third derivative of y**5/60 - 7*y**3/6 - 2*y**2. What is the remainder when 34 is divided by g(o)?
16
Suppose 37 = -4*n + 481. What is the remainder when n is divided by 3?
0
Let z be 13*((-2)/4 + (-25)/2). What is the remainder when ((-4)/5)/(6/15) - z is divided by 24?
23
Suppose -4*p + 8 = -5*j, 4*p + 0 = 2*j + 8. Let c be (-5 - -8) + -3 + 17. What is the remainder when 37 is divided by c + j + 2 + 1?
17
What is the remainder when -1 - (-12)/18*87 is divided by 15?
12
Suppose 0 = -3*x + l + 151, -x - 25 = -l - 76. Suppose -76 = -7*w + x. What is the remainder when w is divided by 12?
6
Suppose a + 5*j - 52 = 0, -j + 1 - 35 = -a. What is the remainder when 145 is divided by a?
34
What is the remainder when 230 is divided by 28 - (0 - (5 - (5 + -1)))?
27
Suppose 399*y - 380*y - 3002 = 0. Calculate the remainder when 483 is divided by y.
9
Let p(q) = -2*q**3 - 59*q**2 - 28*q + 55. What is the remainder when 92 is divided by p(-29)?
14
Let p be (-18)/(-4)*(-1 - -3). Let c = p - 19. Let t = c - -18. What is the remainder when t is divided by 5?
3
Let b = 195 + -340. Calculate the remainder when 56 is divided by (-1)/((-575)/b + -4).
27
Calculate the remainder when 821/7 - 20/70 is divided by 30.
27
Calculate the remainder when 143 is divided by ((-2)/10)/((-54)/5670).
17
Suppose 0 = 5*j - 3*o - 5 - 81, 5*j + 3*o = 74. Let n(c) = 3*c + 31. Suppose -52*d + 49*d + 30 = 0. Calculate the remainder when n(d) is divided by j.
13
Suppose -j = -356 + 313. What is the remainder when j is divided by 11?
10
Calculate the remainder when 1211 is divided by (1/(4/(-48)))/(-1).
11
Suppose 5*m + 40 = 115. Let k be -1*3*(-2)/3. What is the remainder when 36 is divided by (k - m)/(-1 + 0)?
10
Let j = -798 + 858. Suppose 0 = 3*x - s - 7 - 89, -s = 3. Calculate the remainder when j is divided by x.
29
What is the remainder when 162 is divided by (-27)/(162/(-192)) - 12?
2
Suppose -2*o + 107 = -z, -5*o + 18*z = 17*z - 260. Calculate the remainder wh